= -8*w + 7*w + 20. What is the highest common divisor of 100 and w?
20
Suppose 4*t = -t + 1155. Suppose 2*d = -z - 0*d + 23, -z + 25 = 4*d. Calculate the greatest common factor of z and t.
21
Let m = 20 + 172. Suppose 0 = -3*i - 48 + m. Let z(q) = q**3 + 6*q**2 - 3*q - 4. Let c be z(-3). Calculate the highest common divisor of i and c.
16
Suppose 180 = 2*l + 4*y, -2*y - 90 = -0*l - l. Suppose 4*w = -a + 19 + 53, -18 = -w - 2*a. What is the greatest common divisor of l and w?
18
Let t = 55 - 45. What is the highest common factor of t and 2?
2
Let l(v) = v**2 + 2*v + 7. Let h be l(5). Let j be (-14)/(-4)*(-8)/(-2). What is the highest common factor of h and j?
14
Let r = 24 + 88. Calculate the highest common divisor of 14 and r.
14
Suppose 3*q + 4 = 2*s - q, 0 = 5*q. Suppose 0 = s*d - 5*d + 21. Let o(y) = 6*y**2 + 2*y + 1. Let j be o(-3). Calculate the greatest common factor of d and j.
7
Suppose g + 4*g - 110 = 0. What is the highest common factor of 55 and g?
11
Suppose -7*l - 78 = -10*l. What is the highest common factor of 130 and l?
26
Let q(c) = 2*c - 2. Let t be q(7). Suppose 60 = -34*z + 35*z. What is the highest common factor of z and t?
12
Let m(p) = 2*p**3 - p**2 + p. Let c = 11 + -19. Let f(h) = h + 9. Let q be f(c). Let v be m(q). What is the greatest common divisor of v and 1?
1
Suppose -382 - 18 = -10*j. What is the highest common factor of 8 and j?
8
Let b be (-13)/(-5) - (-6)/15. Let s be 3*3*b/9. Let v be (-16)/s*15/(-10). What is the greatest common divisor of 64 and v?
8
Suppose -130 = -2*h - 18. What is the highest common factor of h and 7?
7
Suppose x = 5*j - 17, 2*x + 2*x = 5*j - 53. Let g = 8 - x. Let k = 9 + 11. Calculate the highest common factor of g and k.
20
Suppose -2*b - 3*b - 55 = 0. Let u = b + 14. What is the greatest common factor of u and 33?
3
Suppose 4*h + 304 = 4*o, 149 = 2*o - h - 2. Let f = -14 - -16. Suppose f*q = q + 15. What is the highest common factor of q and o?
15
Let s be (1/((-8)/12))/(2/(-12)). What is the greatest common factor of s and 1?
1
Suppose 4*k - 56 = 3*k. Calculate the highest common factor of 8 and k.
8
Suppose -5*o + 56 = 2*f + f, -5*f + 145 = -2*o. Calculate the greatest common divisor of 1 and f.
1
Let h(l) = -l**3 - 15*l**2 - 16*l - 17. Let w be h(-14). Calculate the greatest common divisor of 33 and w.
11
Suppose 3*m + v - 5*v = -581, 2*m + 5*v + 418 = 0. Let n = -136 - m. Calculate the greatest common factor of 7 and n.
7
Suppose -1 = -m - 4. Let k be (-59)/m - 2/(-6). Suppose 4*i = 95 + 25. Calculate the greatest common factor of i and k.
10
Let g be 4/(-1*2/(-8)) + -2. Calculate the highest common factor of g and 14.
14
Let c be -1*0/(0 - -1). Suppose c = 4*y - 61 + 17. Let t = -4 + 15. Calculate the greatest common divisor of y and t.
11
Let u be ((-2)/(-2*1))/((-70)/(-2660)). What is the highest common factor of u and 19?
19
Let u(d) be the first derivative of d**4/4 - 4*d**3 + 5*d**2 + 11*d + 1. Let k be u(8). Let n be ((-2)/3)/(1/k). What is the greatest common factor of n and 44?
22
Let r(v) = -v - 5*v - 7*v + 2*v + 3. Let d be r(-9). Let b(p) = p + 17. Let i be b(0). What is the highest common divisor of i and d?
17
Suppose 0 = 3*o - 96 - 27. Suppose 3*h - 31 = o. What is the greatest common divisor of h and 60?
12
Let m(n) = -n**2 + 13*n - 10. Let b be m(8). Let d be (-4)/b - (-2324)/105. Calculate the greatest common factor of d and 22.
22
Suppose -5*z = -143 - 297. What is the highest common factor of z and 8?
8
Let b be ((-36)/15 + 2)*5. Let y be (-4)/(-6) + 40/(-6). Let r be b/(-6) + (-82)/y. Calculate the greatest common divisor of 2 and r.
2
Suppose 5*j - 170 - 60 = 4*a, 3*j = 2*a + 136. What is the highest common factor of j and 14?
14
Let t be 1 - 0 - -97 - -1. Suppose 7*r = 2*r + 205. Suppose -3 = 3*o, 6*o = 4*z + o - r. What is the greatest common divisor of z and t?
9
Let s = -16 + 44. Suppose o - 71 = 6*o + h, 0 = -o - 4*h - 18. Let x be (0 + o)/(-6 + 5). Calculate the greatest common factor of x and s.
14
Suppose 0 = 3*o - 117 + 18. What is the highest common divisor of 11 and o?
11
Let w(s) = -39*s**3 - 2*s - 1. Suppose 8 = 2*t + 2*h, h = -3*t + 1 + 1. Let x be w(t). Calculate the highest common factor of 20 and x.
20
Let w be (-2)/3*1*-12. Let z be (1/(-1))/((-2)/88). Suppose 2*o - z - 100 = 0. What is the greatest common divisor of o and w?
8
Let g be (-16)/32 - 3*23/(-2). Calculate the greatest common factor of g and 68.
34
Let d(z) = -z**3 - 4*z**2 - 3*z + 1. Let i be d(-3). Let m(o) = o + 4. Let k be m(-3). What is the greatest common divisor of k and i?
1
Let l(o) be the second derivative of o**5/10 - 5*o**4/12 + o**3/2 + 2*o**2 + 2*o. Let c be l(3). What is the highest common divisor of 44 and c?
22
Let w(c) = 19*c - 3. Let i be w(2). What is the highest common factor of 14 and i?
7
Suppose -b - 2*b - 12 = -3*y, -5*b = 4*y - 61. Let d = y + -2. Let a be d - (-2 + 1 + 0). What is the greatest common factor of a and 1?
1
Suppose 6*i = i - 10. Let s be (-1 - i) + (-2352)/(-7). Suppose -2*y - t + 98 = -249, -s = -2*y - 3*t. Calculate the greatest common factor of 16 and y.
16
Let w = 635 - 443. Suppose 2*r - t - 370 = -5*t, -r = -5*t - w. What is the greatest common divisor of r and 17?
17
Let r be 11/4 + 2/8. Suppose 0*w + 42 = r*w. Suppose 2*g - 5*d + 7*d = 228, 4*g - 450 = -d. What is the highest common divisor of w and g?
14
Let a be (-18)/12 + 45/2. Calculate the highest common factor of 3 and a.
3
Let m(g) = -2*g + 1. Let u be m(9). Let t = 26 + u. Suppose 2 = j - t. What is the greatest common divisor of 99 and j?
11
Suppose 2*y - 6 = -y. Suppose q - y = 9. Suppose -5*r + 4*r = -44. What is the highest common divisor of q and r?
11
Suppose 101 = 4*u + 1. Let s be 1 + (-17 - (1 - -1)). Let i = u + s. What is the greatest common factor of i and 14?
7
Suppose -q + 85 = 2*p - 203, 0 = p + q - 144. Calculate the highest common factor of 16 and p.
16
Let p(r) = 33*r**2 + r - 4. Let o be p(2). What is the highest common factor of 26 and o?
26
Suppose -q + 1 = -51. Let f be 3/(6/4) + 35. Let a = q - f. What is the highest common factor of 15 and a?
15
Suppose -q - 3*m = q - 57, -5*m - 25 = 0. Calculate the highest common factor of q and 9.
9
Let c = -20 - -40. Let x = 11 + -7. What is the greatest common divisor of x and c?
4
Let l be ((-61)/4)/((-2)/88). Let y be (-4)/(-24) + l/6. What is the highest common divisor of 28 and y?
28
Suppose -5*v + t = -22, -4*t + 13 = 5*v + 1. Suppose -15 = -v*b + 21. Calculate the greatest common divisor of 72 and b.
9
Let h be (3 + (2 - 9))/(-2). Let s = 4 + h. What is the greatest common factor of s and 30?
6
Suppose 0 = -n + 3*n. Suppose -m + n*m + 196 = 0. Let l = m + -115. What is the greatest common divisor of 9 and l?
9
Let s = -54 + 80. What is the greatest common factor of 39 and s?
13
Let s(c) = 13*c**2 + 4*c - 5. Let w be s(2). Calculate the greatest common divisor of w and 5.
5
Let o be (-3 - 2 - -3)*-1. Let u be 21 - (o + 0 + 1). Let r = 89 - 44. Calculate the greatest common divisor of u and r.
9
Let l(q) = -2*q - 3 + q - 2*q. Let v be l(-4). Let n = -5 + v. What is the greatest common factor of 4 and n?
4
Let m = 47 - 23. Let w(q) = q**2 - 7*q + 2. Let p be w(9). Let i = 56 - p. What is the greatest common factor of i and m?
12
Let s be -1*(-3*65)/3. Suppose 78 = j + 2*j. Calculate the highest common factor of s and j.
13
Suppose 5*n = -0*u + 4*u, n + 19 = -3*u. Let t = 40 - n. Calculate the greatest common divisor of 22 and t.
22
Suppose -4*y = 3*u - y - 3, -2*y - 2 = u. Let v be (-4)/((-1)/u*2). Calculate the highest common factor of 8 and v.
8
Let l be (1 - 0)*(2 - 4). Suppose 3*c - 3*u - 15 = 0, c + c - 5*u = -2. Let b be (c/(-2) - l)*-24. What is the highest common divisor of 12 and b?
12
Let s be 28/6*(-3 - -6). Suppose y - g - s = 11, 4*y = 3*g + 99. Calculate the greatest common factor of y and 36.
12
Let b = 11 - -31. What is the greatest common divisor of b and 6?
6
Let m(v) = -v**2 - 4*v - 3. Let o be m(-2). Suppose 5*k + o = 4*k. Let s be -1 + k + (1 - -41). Calculate the greatest common factor of s and 16.
8
Let v(c) be the second derivative of c**4/12 + 7*c**3/6 + 5*c**2 - 3*c. Let d be v(-13). Calculate the highest common divisor of d and 8.
8
Let y be (5 - -1)/3 + -14. Let l = y - -17